{"id":6207,"date":"2025-02-03T10:40:26","date_gmt":"2025-02-03T09:40:26","guid":{"rendered":"https:\/\/federacja.bialystok.pl\/?page_id=6207"},"modified":"2025-02-03T18:37:01","modified_gmt":"2025-02-03T17:37:01","slug":"forum-inicjatyw-spolecznych-miasta-bialystok","status":"publish","type":"page","link":"https:\/\/federacja.bialystok.pl\/index.php\/projekty\/forum-inicjatyw-spolecznych-miasta-bialystok\/","title":{"rendered":"Forum Inicjatyw Spo\u0142ecznych Miasta Bia\u0142ystok"},"content":{"rendered":"<p><img loading=\"lazy\" decoding=\"async\" class=\"alignnone size-medium wp-image-6208\" src=\"https:\/\/federacja.bialystok.pl\/wp-content\/uploads\/2025\/02\/Miasto-Bialystok-300x195.png\" alt=\"\" width=\"300\" height=\"195\" srcset=\"https:\/\/federacja.bialystok.pl\/wp-content\/uploads\/2025\/02\/Miasto-Bialystok-300x195.png 300w, https:\/\/federacja.bialystok.pl\/wp-content\/uploads\/2025\/02\/Miasto-Bialystok-1024x665.png 1024w, https:\/\/federacja.bialystok.pl\/wp-content\/uploads\/2025\/02\/Miasto-Bialystok-1536x998.png 1536w, https:\/\/federacja.bialystok.pl\/wp-content\/uploads\/2025\/02\/Miasto-Bialystok-430x279.png 430w, https:\/\/federacja.bialystok.pl\/wp-content\/uploads\/2025\/02\/Miasto-Bialystok-860x559.png 860w, https:\/\/federacja.bialystok.pl\/wp-content\/uploads\/2025\/02\/Miasto-Bialystok-600x390.png 600w, https:\/\/federacja.bialystok.pl\/wp-content\/uploads\/2025\/02\/Miasto-Bialystok.png 1920w\" sizes=\"auto, (max-width: 300px) 100vw, 300px\" \/><\/p>\n<p><strong>Federacja Organizacji Pozarz\u0105dowych Miasta Bia\u0142ystok<\/strong> zako\u0144czy\u0142a realizacj\u0119 projektu Forum Inicjatyw Spo\u0142ecznych Miasta Bia\u0142ystok 2024, kt\u00f3ry by\u0142 dofinansowany ze \u015brodk\u00f3w <strong>bud\u017cetu Miasta Bia\u0142ystok<\/strong>.<\/p>\n<p>Zadanie dotyczy\u0142o organizacji \u00a0Forum Inicjatyw Spo\u0142ecznych Miasta Bia\u0142ystok w 2024 r. To wa\u017cne wydarzenie cykliczne organizowane przez Federacj\u0119 Organizacji Pozarz\u0105dowych Miasta Bia\u0142ystok we wsp\u00f3\u0142pracy z O\u015brodkiem Wspierania Organizacji Pozarz\u0105dowych oraz Miastem Bia\u0142ystok od lat. W FIS bior\u0105 udzia\u0142 przedstawiciele stowarzysze\u0144 i fundacji z ca\u0142ego miasta. W trakcie spotkania poruszane s\u0105 tematy po\u015bwi\u0119cone wsp\u00f3\u0142pracy wewn\u0105trz sektora pozarz\u0105dowego oraz relacjom organizacji spo\u0142ecznych z samorz\u0105dem.<\/p>\n<p>W tym roku tematem wiod\u0105cym by\u0142o funkcjonowanie NGO w sieci, wykorzystanie IT i nowoczesnych technologii w dzia\u0142alno\u015bci bia\u0142ostockich organizacji pozarz\u0105dowych. W jaki spos\u00f3b korzystanie z sieci oraz IT przek\u0142ada si\u0119 na dzia\u0142alno\u015b\u0107 organizacji pozarz\u0105dowych i ca\u0142y sektor obywatelski w naszym mie\u015bcie. Czy organizacje pozarz\u0105dowe s\u0105 przygotowane do zmian technologicznych i rozwojowych, jakie zachodz\u0105 w ostatnich latach? Jak rozpocz\u0105\u0107 wsp\u00f3\u0142prac\u0119 z biznesem, miastem oraz urz\u0119dem w tym zakresie? Jak wsp\u00f3lnie opracowywa\u0107 rozwi\u0105zania oparte o nowe technologie.<\/p>\n<p>FIS pozwoli\u0142 przyjrze\u0107 si\u0119, jak to robi\u0105 inne podmioty z terenu Polski i podmioty IT. Forum by\u0142o okazj\u0105, by wymieni\u0107 si\u0119 do\u015bwiadczeniami, zobaczy\u0107 sektor szerzej, z perspektywy sieci i nowych technologii, medi\u00f3w spo\u0142eczno\u015bciowych, kto w nich istnieje i w jaki spos\u00f3b, jak mo\u017cna rozwin\u0105\u0107 swoje funkcjonowanie i wykorzysta\u0107 potencja\u0142 wsp\u00f3\u0142pracy z miastem.<\/p>\n<p>Jednym z obszar\u00f3w tematycznych by\u0142y te\u017c konsultacja z podmiotami i NGO (stoliki bran\u017cowe i tematyczne) us\u0142ug dla senior\u00f3w i m\u0142odzie\u017cy, w tym us\u0142ug zdalnych i w sieci przygotowana\/zaplanowana do wdro\u017cenia przez miasto Bia\u0142ystok na przysz\u0142y rok, zgodnie z programami i projektami miejskimi.<\/p>\n<p>W trakcie spotkania Forum odby\u0142y si\u0119 r\u00f3wnie\u017c konsultacje i warsztaty przygotowane przez OWOP i FOPMB dla organizacji miejskich, a wynikaj\u0105ce z konieczno\u015bci wsparcia NGO w sprawach codziennych trudno\u015bci organizacji, wynikaj\u0105ce z diagnozy, w tym dotycz\u0105ce: prowadzenia medi\u00f3w spo\u0142eczno\u015bciowych, RODO, Standar\u00f3w Ochrony Ma\u0142oletnich czy dost\u0119pno\u015bci.<\/p>\n<p>&nbsp;<\/p>\n<p><span style=\"color: #ff0000;\"><strong>UWAGA !!!<\/strong><\/span><\/p>\n<p><strong><span style=\"color: #ff0000;\">Podajemy dat\u0119 oraz prezentujemy program Forum Inicjatyw Spo\u0142ecznych Miasta Bia\u0142ystok\u00a0<\/span><\/strong><\/p>\n<p>&nbsp;<\/p>\n<p><img loading=\"lazy\" decoding=\"async\" class=\"alignnone size-medium wp-image-6164 aligncenter\" src=\"https:\/\/federacja.bialystok.pl\/wp-content\/uploads\/2024\/10\/Forum-Inicjatyw-Spolecznych-Miasta-Bialystok-2024-300x251.png\" alt=\"Plakat z informacjami po\u015bwi\u0119conymi spotkaniu, na \u015brodku informacja, a poni\u017cej logotypy organizator\u00f3w.\" width=\"300\" height=\"251\" srcset=\"https:\/\/federacja.bialystok.pl\/wp-content\/uploads\/2024\/10\/Forum-Inicjatyw-Spolecznych-Miasta-Bialystok-2024-300x251.png 300w, https:\/\/federacja.bialystok.pl\/wp-content\/uploads\/2024\/10\/Forum-Inicjatyw-Spolecznych-Miasta-Bialystok-2024-430x360.png 430w, https:\/\/federacja.bialystok.pl\/wp-content\/uploads\/2024\/10\/Forum-Inicjatyw-Spolecznych-Miasta-Bialystok-2024-860x721.png 860w, https:\/\/federacja.bialystok.pl\/wp-content\/uploads\/2024\/10\/Forum-Inicjatyw-Spolecznych-Miasta-Bialystok-2024-600x503.png 600w, https:\/\/federacja.bialystok.pl\/wp-content\/uploads\/2024\/10\/Forum-Inicjatyw-Spolecznych-Miasta-Bialystok-2024.png 940w\" sizes=\"auto, (max-width: 300px) 100vw, 300px\" \/><\/p>\n<p>&nbsp;<\/p>\n<p>Program &#8211; <a href=\"https:\/\/federacja.bialystok.pl\/wp-content\/uploads\/2025\/02\/Program-FIS-17.10.2024.pdf\">pobierz<\/a><\/p>\n<p>ZAPRASZAMY SERDECZNIE<\/p>\n<blockquote class=\"wp-embedded-content\" data-secret=\"Vu2ZIvBwzM\"><p><a href=\"https:\/\/federacja.bialystok.pl\/index.php\/2024\/10\/17\/za-nami-forum-inicjatyw-spolecznych-miasta-bialystok-2024\/\">Za nami Forum Inicjatyw Spo\u0142ecznych Miasta Bia\u0142ystok 2024<\/a><\/p><\/blockquote>\n<p><iframe loading=\"lazy\" class=\"wp-embedded-content\" sandbox=\"allow-scripts\" security=\"restricted\" style=\"position: absolute; visibility: hidden;\" title=\"&#8222;Za nami Forum Inicjatyw Spo\u0142ecznych Miasta Bia\u0142ystok 2024&#8221; &#8212; Federacja Organizacji Pozarz\u0105dowych Miasta Bia\u0142ystok\" src=\"https:\/\/federacja.bialystok.pl\/index.php\/2024\/10\/17\/za-nami-forum-inicjatyw-spolecznych-miasta-bialystok-2024\/embed\/#?secret=LQVNWWtfEC#?secret=Vu2ZIvBwzM\" data-secret=\"Vu2ZIvBwzM\" width=\"600\" height=\"338\" frameborder=\"0\" marginwidth=\"0\" marginheight=\"0\" scrolling=\"no\"><\/iframe><\/p>\n<p>&nbsp;<\/p>\n<p>&nbsp;<\/p>\n","protected":false},"excerpt":{"rendered":"<p>Federacja Organizacji Pozarz\u0105dowych Miasta Bia\u0142ystok zako\u0144czy\u0142a realizacj\u0119 projektu Forum Inicjatyw Spo\u0142ecznych Miasta Bia\u0142ystok 2024, kt\u00f3ry by\u0142 dofinansowany ze \u015brodk\u00f3w bud\u017cetu Miasta Bia\u0142ystok. Zadanie dotyczy\u0142o organizacji \u00a0Forum Inicjatyw Spo\u0142ecznych Miasta Bia\u0142ystok w 2024 r. To wa\u017cne wydarzenie cykliczne organizowane przez Federacj\u0119 Organizacji Pozarz\u0105dowych Miasta Bia\u0142ystok we wsp\u00f3\u0142pracy z O\u015brodkiem Wspierania Organizacji [&hellip;]<\/p>\n","protected":false},"author":3,"featured_media":0,"parent":5701,"menu_order":0,"comment_status":"closed","ping_status":"closed","template":"","meta":{"om_disable_all_campaigns":false,"_monsterinsights_skip_tracking":false,"_monsterinsights_sitenote_active":false,"_monsterinsights_sitenote_note":"","_monsterinsights_sitenote_category":0,"footnotes":""},"class_list":["post-6207","page","type-page","status-publish","hentry"],"yoast_head":"<!-- This site is optimized with the Yoast SEO plugin v24.5 - https:\/\/yoast.com\/wordpress\/plugins\/seo\/ -->\n<title>Forum Inicjatyw Spo\u0142ecznych Miasta Bia\u0142ystok - Federacja Organizacji Pozarz\u0105dowych Miasta Bia\u0142ystok<\/title>\n<meta name=\"robots\" content=\"index, follow, max-snippet:-1, max-image-preview:large, max-video-preview:-1\" \/>\n<link rel=\"canonical\" href=\"https:\/\/federacja.bialystok.pl\/index.php\/projekty\/forum-inicjatyw-spolecznych-miasta-bialystok\/\" \/>\n<meta property=\"og:locale\" content=\"pl_PL\" \/>\n<meta property=\"og:type\" content=\"article\" \/>\n<meta property=\"og:title\" content=\"Forum Inicjatyw Spo\u0142ecznych Miasta Bia\u0142ystok - Federacja Organizacji Pozarz\u0105dowych Miasta Bia\u0142ystok\" \/>\n<meta property=\"og:description\" content=\"Federacja Organizacji Pozarz\u0105dowych Miasta Bia\u0142ystok zako\u0144czy\u0142a realizacj\u0119 projektu Forum Inicjatyw Spo\u0142ecznych Miasta Bia\u0142ystok 2024, kt\u00f3ry by\u0142 dofinansowany ze \u015brodk\u00f3w bud\u017cetu Miasta Bia\u0142ystok. Zadanie dotyczy\u0142o organizacji \u00a0Forum Inicjatyw Spo\u0142ecznych Miasta Bia\u0142ystok w 2024 r. To wa\u017cne wydarzenie cykliczne organizowane przez Federacj\u0119 Organizacji Pozarz\u0105dowych Miasta Bia\u0142ystok we wsp\u00f3\u0142pracy z O\u015brodkiem Wspierania Organizacji [&hellip;]\" \/>\n<meta property=\"og:url\" content=\"https:\/\/federacja.bialystok.pl\/index.php\/projekty\/forum-inicjatyw-spolecznych-miasta-bialystok\/\" \/>\n<meta property=\"og:site_name\" content=\"Federacja Organizacji Pozarz\u0105dowych Miasta Bia\u0142ystok\" \/>\n<meta property=\"article:modified_time\" content=\"2025-02-03T17:37:01+00:00\" \/>\n<meta property=\"og:image\" content=\"https:\/\/federacja.bialystok.pl\/wp-content\/uploads\/2025\/02\/Miasto-Bialystok.png\" \/>\n\t<meta property=\"og:image:width\" content=\"1920\" \/>\n\t<meta property=\"og:image:height\" content=\"1247\" \/>\n\t<meta property=\"og:image:type\" content=\"image\/png\" \/>\n<meta name=\"twitter:card\" content=\"summary_large_image\" \/>\n<meta name=\"twitter:label1\" content=\"Szacowany czas czytania\" \/>\n\t<meta name=\"twitter:data1\" content=\"2 minuty\" \/>\n<script type=\"application\/ld+json\" class=\"yoast-schema-graph\">{\"@context\":\"https:\/\/schema.org\",\"@graph\":[{\"@type\":\"WebPage\",\"@id\":\"https:\/\/federacja.bialystok.pl\/index.php\/projekty\/forum-inicjatyw-spolecznych-miasta-bialystok\/\",\"url\":\"https:\/\/federacja.bialystok.pl\/index.php\/projekty\/forum-inicjatyw-spolecznych-miasta-bialystok\/\",\"name\":\"Forum Inicjatyw Spo\u0142ecznych Miasta Bia\u0142ystok - Federacja Organizacji Pozarz\u0105dowych Miasta Bia\u0142ystok\",\"isPartOf\":{\"@id\":\"https:\/\/federacja.bialystok.pl\/#website\"},\"primaryImageOfPage\":{\"@id\":\"https:\/\/federacja.bialystok.pl\/index.php\/projekty\/forum-inicjatyw-spolecznych-miasta-bialystok\/#primaryimage\"},\"image\":{\"@id\":\"https:\/\/federacja.bialystok.pl\/index.php\/projekty\/forum-inicjatyw-spolecznych-miasta-bialystok\/#primaryimage\"},\"thumbnailUrl\":\"https:\/\/federacja.bialystok.pl\/wp-content\/uploads\/2025\/02\/Miasto-Bialystok-300x195.png\",\"datePublished\":\"2025-02-03T09:40:26+00:00\",\"dateModified\":\"2025-02-03T17:37:01+00:00\",\"breadcrumb\":{\"@id\":\"https:\/\/federacja.bialystok.pl\/index.php\/projekty\/forum-inicjatyw-spolecznych-miasta-bialystok\/#breadcrumb\"},\"inLanguage\":\"pl-PL\",\"potentialAction\":[{\"@type\":\"ReadAction\",\"target\":[\"https:\/\/federacja.bialystok.pl\/index.php\/projekty\/forum-inicjatyw-spolecznych-miasta-bialystok\/\"]}]},{\"@type\":\"ImageObject\",\"inLanguage\":\"pl-PL\",\"@id\":\"https:\/\/federacja.bialystok.pl\/index.php\/projekty\/forum-inicjatyw-spolecznych-miasta-bialystok\/#primaryimage\",\"url\":\"https:\/\/federacja.bialystok.pl\/wp-content\/uploads\/2025\/02\/Miasto-Bialystok.png\",\"contentUrl\":\"https:\/\/federacja.bialystok.pl\/wp-content\/uploads\/2025\/02\/Miasto-Bialystok.png\",\"width\":1920,\"height\":1247},{\"@type\":\"BreadcrumbList\",\"@id\":\"https:\/\/federacja.bialystok.pl\/index.php\/projekty\/forum-inicjatyw-spolecznych-miasta-bialystok\/#breadcrumb\",\"itemListElement\":[{\"@type\":\"ListItem\",\"position\":1,\"name\":\"Strona g\u0142\u00f3wna\",\"item\":\"https:\/\/federacja.bialystok.pl\/\"},{\"@type\":\"ListItem\",\"position\":2,\"name\":\"Projekty\",\"item\":\"https:\/\/federacja.bialystok.pl\/index.php\/projekty\/\"},{\"@type\":\"ListItem\",\"position\":3,\"name\":\"Forum Inicjatyw Spo\u0142ecznych Miasta Bia\u0142ystok\"}]},{\"@type\":\"WebSite\",\"@id\":\"https:\/\/federacja.bialystok.pl\/#website\",\"url\":\"https:\/\/federacja.bialystok.pl\/\",\"name\":\"Federacja Organizacji Pozarz\u0105dowych Miasta Bia\u0142ystok\",\"description\":\"\",\"publisher\":{\"@id\":\"https:\/\/federacja.bialystok.pl\/#organization\"},\"potentialAction\":[{\"@type\":\"SearchAction\",\"target\":{\"@type\":\"EntryPoint\",\"urlTemplate\":\"https:\/\/federacja.bialystok.pl\/?s={search_term_string}\"},\"query-input\":{\"@type\":\"PropertyValueSpecification\",\"valueRequired\":true,\"valueName\":\"search_term_string\"}}],\"inLanguage\":\"pl-PL\"},{\"@type\":\"Organization\",\"@id\":\"https:\/\/federacja.bialystok.pl\/#organization\",\"name\":\"Federacja Organizacji Pozarz\u0105dowych Miasta Bia\u0142ystok\",\"url\":\"https:\/\/federacja.bialystok.pl\/\",\"logo\":{\"@type\":\"ImageObject\",\"inLanguage\":\"pl-PL\",\"@id\":\"https:\/\/federacja.bialystok.pl\/#\/schema\/logo\/image\/\",\"url\":\"https:\/\/federacja.bialystok.pl\/wp-content\/uploads\/2017\/11\/cropped-logo_federacja.png\",\"contentUrl\":\"https:\/\/federacja.bialystok.pl\/wp-content\/uploads\/2017\/11\/cropped-logo_federacja.png\",\"width\":428,\"height\":147,\"caption\":\"Federacja Organizacji Pozarz\u0105dowych Miasta Bia\u0142ystok\"},\"image\":{\"@id\":\"https:\/\/federacja.bialystok.pl\/#\/schema\/logo\/image\/\"}}]}<\/script>\n<!-- \/ Yoast SEO plugin. -->","yoast_head_json":{"title":"Forum Inicjatyw Spo\u0142ecznych Miasta Bia\u0142ystok - Federacja Organizacji Pozarz\u0105dowych Miasta Bia\u0142ystok","robots":{"index":"index","follow":"follow","max-snippet":"max-snippet:-1","max-image-preview":"max-image-preview:large","max-video-preview":"max-video-preview:-1"},"canonical":"https:\/\/federacja.bialystok.pl\/index.php\/projekty\/forum-inicjatyw-spolecznych-miasta-bialystok\/","og_locale":"pl_PL","og_type":"article","og_title":"Forum Inicjatyw Spo\u0142ecznych Miasta Bia\u0142ystok - Federacja Organizacji Pozarz\u0105dowych Miasta Bia\u0142ystok","og_description":"Federacja Organizacji Pozarz\u0105dowych Miasta Bia\u0142ystok zako\u0144czy\u0142a realizacj\u0119 projektu Forum Inicjatyw Spo\u0142ecznych Miasta Bia\u0142ystok 2024, kt\u00f3ry by\u0142 dofinansowany ze \u015brodk\u00f3w bud\u017cetu Miasta Bia\u0142ystok. Zadanie dotyczy\u0142o organizacji \u00a0Forum Inicjatyw Spo\u0142ecznych Miasta Bia\u0142ystok w 2024 r. To wa\u017cne wydarzenie cykliczne organizowane przez Federacj\u0119 Organizacji Pozarz\u0105dowych Miasta Bia\u0142ystok we wsp\u00f3\u0142pracy z O\u015brodkiem Wspierania Organizacji [&hellip;]","og_url":"https:\/\/federacja.bialystok.pl\/index.php\/projekty\/forum-inicjatyw-spolecznych-miasta-bialystok\/","og_site_name":"Federacja Organizacji Pozarz\u0105dowych Miasta Bia\u0142ystok","article_modified_time":"2025-02-03T17:37:01+00:00","og_image":[{"width":1920,"height":1247,"url":"https:\/\/federacja.bialystok.pl\/wp-content\/uploads\/2025\/02\/Miasto-Bialystok.png","type":"image\/png"}],"twitter_card":"summary_large_image","twitter_misc":{"Szacowany czas czytania":"2 minuty"},"schema":{"@context":"https:\/\/schema.org","@graph":[{"@type":"WebPage","@id":"https:\/\/federacja.bialystok.pl\/index.php\/projekty\/forum-inicjatyw-spolecznych-miasta-bialystok\/","url":"https:\/\/federacja.bialystok.pl\/index.php\/projekty\/forum-inicjatyw-spolecznych-miasta-bialystok\/","name":"Forum Inicjatyw Spo\u0142ecznych Miasta Bia\u0142ystok - Federacja Organizacji Pozarz\u0105dowych Miasta Bia\u0142ystok","isPartOf":{"@id":"https:\/\/federacja.bialystok.pl\/#website"},"primaryImageOfPage":{"@id":"https:\/\/federacja.bialystok.pl\/index.php\/projekty\/forum-inicjatyw-spolecznych-miasta-bialystok\/#primaryimage"},"image":{"@id":"https:\/\/federacja.bialystok.pl\/index.php\/projekty\/forum-inicjatyw-spolecznych-miasta-bialystok\/#primaryimage"},"thumbnailUrl":"https:\/\/federacja.bialystok.pl\/wp-content\/uploads\/2025\/02\/Miasto-Bialystok-300x195.png","datePublished":"2025-02-03T09:40:26+00:00","dateModified":"2025-02-03T17:37:01+00:00","breadcrumb":{"@id":"https:\/\/federacja.bialystok.pl\/index.php\/projekty\/forum-inicjatyw-spolecznych-miasta-bialystok\/#breadcrumb"},"inLanguage":"pl-PL","potentialAction":[{"@type":"ReadAction","target":["https:\/\/federacja.bialystok.pl\/index.php\/projekty\/forum-inicjatyw-spolecznych-miasta-bialystok\/"]}]},{"@type":"ImageObject","inLanguage":"pl-PL","@id":"https:\/\/federacja.bialystok.pl\/index.php\/projekty\/forum-inicjatyw-spolecznych-miasta-bialystok\/#primaryimage","url":"https:\/\/federacja.bialystok.pl\/wp-content\/uploads\/2025\/02\/Miasto-Bialystok.png","contentUrl":"https:\/\/federacja.bialystok.pl\/wp-content\/uploads\/2025\/02\/Miasto-Bialystok.png","width":1920,"height":1247},{"@type":"BreadcrumbList","@id":"https:\/\/federacja.bialystok.pl\/index.php\/projekty\/forum-inicjatyw-spolecznych-miasta-bialystok\/#breadcrumb","itemListElement":[{"@type":"ListItem","position":1,"name":"Strona g\u0142\u00f3wna","item":"https:\/\/federacja.bialystok.pl\/"},{"@type":"ListItem","position":2,"name":"Projekty","item":"https:\/\/federacja.bialystok.pl\/index.php\/projekty\/"},{"@type":"ListItem","position":3,"name":"Forum Inicjatyw Spo\u0142ecznych Miasta Bia\u0142ystok"}]},{"@type":"WebSite","@id":"https:\/\/federacja.bialystok.pl\/#website","url":"https:\/\/federacja.bialystok.pl\/","name":"Federacja Organizacji Pozarz\u0105dowych Miasta Bia\u0142ystok","description":"","publisher":{"@id":"https:\/\/federacja.bialystok.pl\/#organization"},"potentialAction":[{"@type":"SearchAction","target":{"@type":"EntryPoint","urlTemplate":"https:\/\/federacja.bialystok.pl\/?s={search_term_string}"},"query-input":{"@type":"PropertyValueSpecification","valueRequired":true,"valueName":"search_term_string"}}],"inLanguage":"pl-PL"},{"@type":"Organization","@id":"https:\/\/federacja.bialystok.pl\/#organization","name":"Federacja Organizacji Pozarz\u0105dowych Miasta Bia\u0142ystok","url":"https:\/\/federacja.bialystok.pl\/","logo":{"@type":"ImageObject","inLanguage":"pl-PL","@id":"https:\/\/federacja.bialystok.pl\/#\/schema\/logo\/image\/","url":"https:\/\/federacja.bialystok.pl\/wp-content\/uploads\/2017\/11\/cropped-logo_federacja.png","contentUrl":"https:\/\/federacja.bialystok.pl\/wp-content\/uploads\/2017\/11\/cropped-logo_federacja.png","width":428,"height":147,"caption":"Federacja Organizacji Pozarz\u0105dowych Miasta Bia\u0142ystok"},"image":{"@id":"https:\/\/federacja.bialystok.pl\/#\/schema\/logo\/image\/"}}]}},"_links":{"self":[{"href":"https:\/\/federacja.bialystok.pl\/index.php\/wp-json\/wp\/v2\/pages\/6207","targetHints":{"allow":["GET"]}}],"collection":[{"href":"https:\/\/federacja.bialystok.pl\/index.php\/wp-json\/wp\/v2\/pages"}],"about":[{"href":"https:\/\/federacja.bialystok.pl\/index.php\/wp-json\/wp\/v2\/types\/page"}],"author":[{"embeddable":true,"href":"https:\/\/federacja.bialystok.pl\/index.php\/wp-json\/wp\/v2\/users\/3"}],"replies":[{"embeddable":true,"href":"https:\/\/federacja.bialystok.pl\/index.php\/wp-json\/wp\/v2\/comments?post=6207"}],"version-history":[{"count":4,"href":"https:\/\/federacja.bialystok.pl\/index.php\/wp-json\/wp\/v2\/pages\/6207\/revisions"}],"predecessor-version":[{"id":6221,"href":"https:\/\/federacja.bialystok.pl\/index.php\/wp-json\/wp\/v2\/pages\/6207\/revisions\/6221"}],"up":[{"embeddable":true,"href":"https:\/\/federacja.bialystok.pl\/index.php\/wp-json\/wp\/v2\/pages\/5701"}],"wp:attachment":[{"href":"https:\/\/federacja.bialystok.pl\/index.php\/wp-json\/wp\/v2\/media?parent=6207"}],"curies":[{"name":"wp","href":"https:\/\/api.w.org\/{rel}","templated":true}]}}