{"id":5713,"date":"2017-11-16T13:45:50","date_gmt":"2017-11-16T12:45:50","guid":{"rendered":"http:\/\/serwer1307830.home.pl\/federacja\/?page_id=5713"},"modified":"2017-11-16T14:23:45","modified_gmt":"2017-11-16T13:23:45","slug":"studio-federacja","status":"publish","type":"page","link":"https:\/\/federacja.bialystok.pl\/index.php\/inne-dzialania\/studio-federacja\/","title":{"rendered":"Studio Federacja"},"content":{"rendered":"<p style=\"text-align: justify;\">Dope\u0142nieniem Biuletynu, z uwagi na rosn\u0105c\u0105 rol\u0119 komunikacji wizualnej w dzisiejszym \u015bwiecie, b\u0119dzie program TV internetowej Studio Federacja jako forma wzmacniania komunikacji i promocji organizacji FOPMB oraz jej cz\u0142onk\u00f3w. Udzia\u0142 organizacji cz\u0142onkowskich FOPMB w realizacji dzia\u0142ania b\u0119dzie mia\u0142 te\u017c walor edukacyjny i rozwijaj\u0105cy kompetencje samych organizacji.<\/p>\n<p style=\"text-align: justify;\">Od czerwca 2015 do listopada 2016 zostanie wyemitowanych 10 program\u00f3w. Programy o d\u0142ugo\u015bci ok. 5-6 minut b\u0119d\u0105 realizowane \u015brednio co drugi miesi\u0105c i publikowane w Internecie na stronie FOPMB, na portalach spo\u0142eczno\u015bciowych oraz na portalu regionalnym Wrota Podlasia w pa\u015bmie ITV w programie \u201dPodlaska Telewizja Pozarz\u0105dowa\u201d. Znajd\u0105 si\u0119 w nich wywiady, komentarze, opinie i zapowiedzi wydarze\u0144 wa\u017cnych dla dzia\u0142aj\u0105cych w Bia\u0142ymstoku organizacji pozarz\u0105dowych i ich otoczenia. Odbiorcami tre\u015bci b\u0119d\u0105 g\u0142\u00f3wnie ngo i ich partnerzy (jst, biznes, media), ale istotne jest dotarcie do jak najszerszego kr\u0119gu widz\u00f3w.<\/p>\n<p style=\"text-align: justify;\">Ich realizacj\u0105 od strony merytorycznej zajm\u0105 si\u0119 przedstawiciele organizacji cz\u0142onkowskich FOPMB (2 osoby przy ka\u017cdym programie) maj\u0105cy do\u015bwiadczenie w dziennikarstwie obywatelskim i telewizyjnym (obecnie s\u0105 osoby zainteresowane wsp\u00f3\u0142prac\u0105). Promocj\u0105 program\u00f3w i monitoringiem ich ogl\u0105dalno\u015bci zajmie si\u0119 specjalista \/ka ds. promocji i komunikacji ngo. W przypadku niskiej liczby odbiorc\u00f3w b\u0119dzie rekomendowa\u0107 zmiany w tre\u015bciach lub dostosowywa\u0107 kana\u0142y dystrybucji i promocji.<\/p>\n","protected":false},"excerpt":{"rendered":"<p>Dope\u0142nieniem Biuletynu, z uwagi na rosn\u0105c\u0105 rol\u0119 komunikacji wizualnej w dzisiejszym \u015bwiecie, b\u0119dzie program TV internetowej Studio Federacja jako forma wzmacniania komunikacji i promocji organizacji FOPMB oraz jej cz\u0142onk\u00f3w. Udzia\u0142 organizacji cz\u0142onkowskich FOPMB w realizacji dzia\u0142ania b\u0119dzie mia\u0142 te\u017c walor edukacyjny i rozwijaj\u0105cy kompetencje samych organizacji. Od czerwca 2015 do [&hellip;]<\/p>\n","protected":false},"author":1,"featured_media":0,"parent":5709,"menu_order":0,"comment_status":"closed","ping_status":"closed","template":"","meta":{"om_disable_all_campaigns":false,"_monsterinsights_skip_tracking":false,"_monsterinsights_sitenote_active":false,"_monsterinsights_sitenote_note":"","_monsterinsights_sitenote_category":0,"footnotes":""},"class_list":["post-5713","page","type-page","status-publish","hentry"],"yoast_head":"<!-- This site is optimized with the Yoast SEO plugin v24.5 - https:\/\/yoast.com\/wordpress\/plugins\/seo\/ -->\n<title>Studio Federacja - Federacja Organizacji Pozarz\u0105dowych Miasta Bia\u0142ystok<\/title>\n<meta name=\"robots\" content=\"index, follow, max-snippet:-1, max-image-preview:large, max-video-preview:-1\" \/>\n<link rel=\"canonical\" href=\"https:\/\/federacja.bialystok.pl\/index.php\/inne-dzialania\/studio-federacja\/\" \/>\n<meta property=\"og:locale\" content=\"pl_PL\" \/>\n<meta property=\"og:type\" content=\"article\" \/>\n<meta property=\"og:title\" content=\"Studio Federacja - Federacja Organizacji Pozarz\u0105dowych Miasta Bia\u0142ystok\" \/>\n<meta property=\"og:description\" content=\"Dope\u0142nieniem Biuletynu, z uwagi na rosn\u0105c\u0105 rol\u0119 komunikacji wizualnej w dzisiejszym \u015bwiecie, b\u0119dzie program TV internetowej Studio Federacja jako forma wzmacniania komunikacji i promocji organizacji FOPMB oraz jej cz\u0142onk\u00f3w. Udzia\u0142 organizacji cz\u0142onkowskich FOPMB w realizacji dzia\u0142ania b\u0119dzie mia\u0142 te\u017c walor edukacyjny i rozwijaj\u0105cy kompetencje samych organizacji. Od czerwca 2015 do [&hellip;]\" \/>\n<meta property=\"og:url\" content=\"https:\/\/federacja.bialystok.pl\/index.php\/inne-dzialania\/studio-federacja\/\" \/>\n<meta property=\"og:site_name\" content=\"Federacja Organizacji Pozarz\u0105dowych Miasta Bia\u0142ystok\" \/>\n<meta property=\"article:modified_time\" content=\"2017-11-16T13:23:45+00:00\" \/>\n<meta name=\"twitter:card\" content=\"summary_large_image\" \/>\n<meta name=\"twitter:label1\" content=\"Szacowany czas czytania\" \/>\n\t<meta name=\"twitter:data1\" content=\"1 minuta\" \/>\n<script type=\"application\/ld+json\" class=\"yoast-schema-graph\">{\"@context\":\"https:\/\/schema.org\",\"@graph\":[{\"@type\":\"WebPage\",\"@id\":\"https:\/\/federacja.bialystok.pl\/index.php\/inne-dzialania\/studio-federacja\/\",\"url\":\"https:\/\/federacja.bialystok.pl\/index.php\/inne-dzialania\/studio-federacja\/\",\"name\":\"Studio Federacja - Federacja Organizacji Pozarz\u0105dowych Miasta Bia\u0142ystok\",\"isPartOf\":{\"@id\":\"https:\/\/federacja.bialystok.pl\/#website\"},\"datePublished\":\"2017-11-16T12:45:50+00:00\",\"dateModified\":\"2017-11-16T13:23:45+00:00\",\"breadcrumb\":{\"@id\":\"https:\/\/federacja.bialystok.pl\/index.php\/inne-dzialania\/studio-federacja\/#breadcrumb\"},\"inLanguage\":\"pl-PL\",\"potentialAction\":[{\"@type\":\"ReadAction\",\"target\":[\"https:\/\/federacja.bialystok.pl\/index.php\/inne-dzialania\/studio-federacja\/\"]}]},{\"@type\":\"BreadcrumbList\",\"@id\":\"https:\/\/federacja.bialystok.pl\/index.php\/inne-dzialania\/studio-federacja\/#breadcrumb\",\"itemListElement\":[{\"@type\":\"ListItem\",\"position\":1,\"name\":\"Strona g\u0142\u00f3wna\",\"item\":\"https:\/\/federacja.bialystok.pl\/\"},{\"@type\":\"ListItem\",\"position\":2,\"name\":\"Inne dzia\u0142ania\",\"item\":\"https:\/\/federacja.bialystok.pl\/index.php\/inne-dzialania\/\"},{\"@type\":\"ListItem\",\"position\":3,\"name\":\"Studio Federacja\"}]},{\"@type\":\"WebSite\",\"@id\":\"https:\/\/federacja.bialystok.pl\/#website\",\"url\":\"https:\/\/federacja.bialystok.pl\/\",\"name\":\"Federacja Organizacji Pozarz\u0105dowych Miasta Bia\u0142ystok\",\"description\":\"\",\"publisher\":{\"@id\":\"https:\/\/federacja.bialystok.pl\/#organization\"},\"potentialAction\":[{\"@type\":\"SearchAction\",\"target\":{\"@type\":\"EntryPoint\",\"urlTemplate\":\"https:\/\/federacja.bialystok.pl\/?s={search_term_string}\"},\"query-input\":{\"@type\":\"PropertyValueSpecification\",\"valueRequired\":true,\"valueName\":\"search_term_string\"}}],\"inLanguage\":\"pl-PL\"},{\"@type\":\"Organization\",\"@id\":\"https:\/\/federacja.bialystok.pl\/#organization\",\"name\":\"Federacja Organizacji Pozarz\u0105dowych Miasta Bia\u0142ystok\",\"url\":\"https:\/\/federacja.bialystok.pl\/\",\"logo\":{\"@type\":\"ImageObject\",\"inLanguage\":\"pl-PL\",\"@id\":\"https:\/\/federacja.bialystok.pl\/#\/schema\/logo\/image\/\",\"url\":\"https:\/\/federacja.bialystok.pl\/wp-content\/uploads\/2017\/11\/cropped-logo_federacja.png\",\"contentUrl\":\"https:\/\/federacja.bialystok.pl\/wp-content\/uploads\/2017\/11\/cropped-logo_federacja.png\",\"width\":428,\"height\":147,\"caption\":\"Federacja Organizacji Pozarz\u0105dowych Miasta Bia\u0142ystok\"},\"image\":{\"@id\":\"https:\/\/federacja.bialystok.pl\/#\/schema\/logo\/image\/\"}}]}<\/script>\n<!-- \/ Yoast SEO plugin. -->","yoast_head_json":{"title":"Studio Federacja - Federacja Organizacji Pozarz\u0105dowych Miasta Bia\u0142ystok","robots":{"index":"index","follow":"follow","max-snippet":"max-snippet:-1","max-image-preview":"max-image-preview:large","max-video-preview":"max-video-preview:-1"},"canonical":"https:\/\/federacja.bialystok.pl\/index.php\/inne-dzialania\/studio-federacja\/","og_locale":"pl_PL","og_type":"article","og_title":"Studio Federacja - Federacja Organizacji Pozarz\u0105dowych Miasta Bia\u0142ystok","og_description":"Dope\u0142nieniem Biuletynu, z uwagi na rosn\u0105c\u0105 rol\u0119 komunikacji wizualnej w dzisiejszym \u015bwiecie, b\u0119dzie program TV internetowej Studio Federacja jako forma wzmacniania komunikacji i promocji organizacji FOPMB oraz jej cz\u0142onk\u00f3w. Udzia\u0142 organizacji cz\u0142onkowskich FOPMB w realizacji dzia\u0142ania b\u0119dzie mia\u0142 te\u017c walor edukacyjny i rozwijaj\u0105cy kompetencje samych organizacji. Od czerwca 2015 do [&hellip;]","og_url":"https:\/\/federacja.bialystok.pl\/index.php\/inne-dzialania\/studio-federacja\/","og_site_name":"Federacja Organizacji Pozarz\u0105dowych Miasta Bia\u0142ystok","article_modified_time":"2017-11-16T13:23:45+00:00","twitter_card":"summary_large_image","twitter_misc":{"Szacowany czas czytania":"1 minuta"},"schema":{"@context":"https:\/\/schema.org","@graph":[{"@type":"WebPage","@id":"https:\/\/federacja.bialystok.pl\/index.php\/inne-dzialania\/studio-federacja\/","url":"https:\/\/federacja.bialystok.pl\/index.php\/inne-dzialania\/studio-federacja\/","name":"Studio Federacja - Federacja Organizacji Pozarz\u0105dowych Miasta Bia\u0142ystok","isPartOf":{"@id":"https:\/\/federacja.bialystok.pl\/#website"},"datePublished":"2017-11-16T12:45:50+00:00","dateModified":"2017-11-16T13:23:45+00:00","breadcrumb":{"@id":"https:\/\/federacja.bialystok.pl\/index.php\/inne-dzialania\/studio-federacja\/#breadcrumb"},"inLanguage":"pl-PL","potentialAction":[{"@type":"ReadAction","target":["https:\/\/federacja.bialystok.pl\/index.php\/inne-dzialania\/studio-federacja\/"]}]},{"@type":"BreadcrumbList","@id":"https:\/\/federacja.bialystok.pl\/index.php\/inne-dzialania\/studio-federacja\/#breadcrumb","itemListElement":[{"@type":"ListItem","position":1,"name":"Strona g\u0142\u00f3wna","item":"https:\/\/federacja.bialystok.pl\/"},{"@type":"ListItem","position":2,"name":"Inne dzia\u0142ania","item":"https:\/\/federacja.bialystok.pl\/index.php\/inne-dzialania\/"},{"@type":"ListItem","position":3,"name":"Studio Federacja"}]},{"@type":"WebSite","@id":"https:\/\/federacja.bialystok.pl\/#website","url":"https:\/\/federacja.bialystok.pl\/","name":"Federacja Organizacji Pozarz\u0105dowych Miasta Bia\u0142ystok","description":"","publisher":{"@id":"https:\/\/federacja.bialystok.pl\/#organization"},"potentialAction":[{"@type":"SearchAction","target":{"@type":"EntryPoint","urlTemplate":"https:\/\/federacja.bialystok.pl\/?s={search_term_string}"},"query-input":{"@type":"PropertyValueSpecification","valueRequired":true,"valueName":"search_term_string"}}],"inLanguage":"pl-PL"},{"@type":"Organization","@id":"https:\/\/federacja.bialystok.pl\/#organization","name":"Federacja Organizacji Pozarz\u0105dowych Miasta Bia\u0142ystok","url":"https:\/\/federacja.bialystok.pl\/","logo":{"@type":"ImageObject","inLanguage":"pl-PL","@id":"https:\/\/federacja.bialystok.pl\/#\/schema\/logo\/image\/","url":"https:\/\/federacja.bialystok.pl\/wp-content\/uploads\/2017\/11\/cropped-logo_federacja.png","contentUrl":"https:\/\/federacja.bialystok.pl\/wp-content\/uploads\/2017\/11\/cropped-logo_federacja.png","width":428,"height":147,"caption":"Federacja Organizacji Pozarz\u0105dowych Miasta Bia\u0142ystok"},"image":{"@id":"https:\/\/federacja.bialystok.pl\/#\/schema\/logo\/image\/"}}]}},"_links":{"self":[{"href":"https:\/\/federacja.bialystok.pl\/index.php\/wp-json\/wp\/v2\/pages\/5713","targetHints":{"allow":["GET"]}}],"collection":[{"href":"https:\/\/federacja.bialystok.pl\/index.php\/wp-json\/wp\/v2\/pages"}],"about":[{"href":"https:\/\/federacja.bialystok.pl\/index.php\/wp-json\/wp\/v2\/types\/page"}],"author":[{"embeddable":true,"href":"https:\/\/federacja.bialystok.pl\/index.php\/wp-json\/wp\/v2\/users\/1"}],"replies":[{"embeddable":true,"href":"https:\/\/federacja.bialystok.pl\/index.php\/wp-json\/wp\/v2\/comments?post=5713"}],"version-history":[{"count":2,"href":"https:\/\/federacja.bialystok.pl\/index.php\/wp-json\/wp\/v2\/pages\/5713\/revisions"}],"predecessor-version":[{"id":5745,"href":"https:\/\/federacja.bialystok.pl\/index.php\/wp-json\/wp\/v2\/pages\/5713\/revisions\/5745"}],"up":[{"embeddable":true,"href":"https:\/\/federacja.bialystok.pl\/index.php\/wp-json\/wp\/v2\/pages\/5709"}],"wp:attachment":[{"href":"https:\/\/federacja.bialystok.pl\/index.php\/wp-json\/wp\/v2\/media?parent=5713"}],"curies":[{"name":"wp","href":"https:\/\/api.w.org\/{rel}","templated":true}]}}

<p style="text-align: justify;">Dopełnieniem Biuletynu, z uwagi na rosnącą rolę komunikacji wizualnej w dzisiejszym świecie, będzie program TV internetowej Studio Federacja jako forma wzmacniania komunikacji i promocji organizacji FOPMB oraz jej członków. Udział organizacji członkowskich FOPMB w realizacji działania będzie miał też walor edukacyjny i rozwijający kompetencje samych organizacji.</p>
<p style="text-align: justify;">Od czerwca 2015 do listopada 2016 zostanie wyemitowanych 10 programów. Programy o długości ok. 5-6 minut będą realizowane średnio co drugi miesiąc i publikowane w Internecie na stronie FOPMB, na portalach społecznościowych oraz na portalu regionalnym Wrota Podlasia w paśmie ITV w programie ”Podlaska Telewizja Pozarządowa”. Znajdą się w nich wywiady, komentarze, opinie i zapowiedzi wydarzeń ważnych dla działających w Białymstoku organizacji pozarządowych i ich otoczenia. Odbiorcami treści będą głównie ngo i ich partnerzy (jst, biznes, media), ale istotne jest dotarcie do jak najszerszego kręgu widzów.</p>
<p style="text-align: justify;">Ich realizacją od strony merytorycznej zajmą się przedstawiciele organizacji członkowskich FOPMB (2 osoby przy każdym programie) mający doświadczenie w dziennikarstwie obywatelskim i telewizyjnym (obecnie są osoby zainteresowane współpracą). Promocją programów i monitoringiem ich oglądalności zajmie się specjalista /ka ds. promocji i komunikacji ngo. W przypadku niskiej liczby odbiorców będzie rekomendować zmiany w treściach lub dostosowywać kanały dystrybucji i promocji.</p>

<p>Dopełnieniem Biuletynu, z uwagi na rosnącą rolę komunikacji wizualnej w dzisiejszym świecie, będzie program TV internetowej Studio Federacja jako forma wzmacniania komunikacji i promocji organizacji FOPMB oraz jej członków. Udział organizacji członkowskich FOPMB w realizacji działania będzie miał też walor edukacyjny i rozwijający kompetencje samych organizacji. Od czerwca 2015 do [&hellip;]</p>

<!-- This site is optimized with the Yoast SEO plugin v24.5 - https://yoast.com/wordpress/plugins/seo/ -->
<title>Studio Federacja - Federacja Organizacji Pozarządowych Miasta Białystok</title>
<meta name="robots" content="index, follow, max-snippet:-1, max-image-preview:large, max-video-preview:-1" />
<link rel="canonical" href="https://federacja.bialystok.pl/index.php/inne-dzialania/studio-federacja/" />
<meta property="og:locale" content="pl_PL" />
<meta property="og:type" content="article" />
<meta property="og:title" content="Studio Federacja - Federacja Organizacji Pozarządowych Miasta Białystok" />
<meta property="og:description" content="Dopełnieniem Biuletynu, z uwagi na rosnącą rolę komunikacji wizualnej w dzisiejszym świecie, będzie program TV internetowej Studio Federacja jako forma wzmacniania komunikacji i promocji organizacji FOPMB oraz jej członków. Udział organizacji członkowskich FOPMB w realizacji działania będzie miał też walor edukacyjny i rozwijający kompetencje samych organizacji. Od czerwca 2015 do [&hellip;]" />
<meta property="og:url" content="https://federacja.bialystok.pl/index.php/inne-dzialania/studio-federacja/" />
<meta property="og:site_name" content="Federacja Organizacji Pozarządowych Miasta Białystok" />
<meta property="article:modified_time" content="2017-11-16T13:23:45+00:00" />
<meta name="twitter:card" content="summary_large_image" />
<meta name="twitter:label1" content="Szacowany czas czytania" />
	<meta name="twitter:data1" content="1 minuta" />
<script type="application/ld+json" class="yoast-schema-graph">{"@context":"https://schema.org","@graph":[{"@type":"WebPage","@id":"https://federacja.bialystok.pl/index.php/inne-dzialania/studio-federacja/","url":"https://federacja.bialystok.pl/index.php/inne-dzialania/studio-federacja/","name":"Studio Federacja - Federacja Organizacji Pozarządowych Miasta Białystok","isPartOf":{"@id":"https://federacja.bialystok.pl/#website"},"datePublished":"2017-11-16T12:45:50+00:00","dateModified":"2017-11-16T13:23:45+00:00","breadcrumb":{"@id":"https://federacja.bialystok.pl/index.php/inne-dzialania/studio-federacja/#breadcrumb"},"inLanguage":"pl-PL","potentialAction":[{"@type":"ReadAction","target":["https://federacja.bialystok.pl/index.php/inne-dzialania/studio-federacja/"]}]},{"@type":"BreadcrumbList","@id":"https://federacja.bialystok.pl/index.php/inne-dzialania/studio-federacja/#breadcrumb","itemListElement":[{"@type":"ListItem","position":1,"name":"Strona główna","item":"https://federacja.bialystok.pl/"},{"@type":"ListItem","position":2,"name":"Inne działania","item":"https://federacja.bialystok.pl/index.php/inne-dzialania/"},{"@type":"ListItem","position":3,"name":"Studio Federacja"}]},{"@type":"WebSite","@id":"https://federacja.bialystok.pl/#website","url":"https://federacja.bialystok.pl/","name":"Federacja Organizacji Pozarządowych Miasta Białystok","description":"","publisher":{"@id":"https://federacja.bialystok.pl/#organization"},"potentialAction":[{"@type":"SearchAction","target":{"@type":"EntryPoint","urlTemplate":"https://federacja.bialystok.pl/?s={search_term_string}"},"query-input":{"@type":"PropertyValueSpecification","valueRequired":true,"valueName":"search_term_string"}}],"inLanguage":"pl-PL"},{"@type":"Organization","@id":"https://federacja.bialystok.pl/#organization","name":"Federacja Organizacji Pozarządowych Miasta Białystok","url":"https://federacja.bialystok.pl/","logo":{"@type":"ImageObject","inLanguage":"pl-PL","@id":"https://federacja.bialystok.pl/#/schema/logo/image/","url":"https://federacja.bialystok.pl/wp-content/uploads/2017/11/cropped-logo_federacja.png","contentUrl":"https://federacja.bialystok.pl/wp-content/uploads/2017/11/cropped-logo_federacja.png","width":428,"height":147,"caption":"Federacja Organizacji Pozarządowych Miasta Białystok"},"image":{"@id":"https://federacja.bialystok.pl/#/schema/logo/image/"}}]}</script>
<!-- / Yoast SEO plugin. -->

Studio Federacja - Federacja Organizacji Pozarządowych Miasta Białystok

Dopełnieniem Biuletynu, z uwagi na rosnącą rolę komunikacji wizualnej w dzisiejszym świecie, będzie program TV internetowej Studio Federacja jako forma wzmacniania komunikacji i promocji organizacji FOPMB oraz jej członków. Udział organizacji członkowskich FOPMB w realizacji działania będzie miał też walor edukacyjny i rozwijający kompetencje samych organizacji. Od czerwca 2015 do [&hellip;]

Federacja Organizacji Pozarządowych Miasta Białystok

Strona główna

Inne działania
